 when 21970148 is divided by 484.
420
What is the remainder when 436777 is divided by 1680?
1657
What is the remainder when 41139 is divided by 8636?
6595
What is the remainder when 869749467 is divided by 10?
7
Calculate the remainder when 505531528 is divided by 19.
10
What is the remainder when 139283 is divided by 34793?
111
Calculate the remainder when 7944962 is divided by 136982.
6
What is the remainder when 1261792 is divided by 4192?
0
Calculate the remainder when 247528 is divided by 221.
8
What is the remainder when 281770 is divided by 93918?
16
Calculate the remainder when 416239 is divided by 293.
179
What is the remainder when 7038363 is divided by 62?
61
What is the remainder when 20981910 is divided by 6267?
6261
What is the remainder when 7764359 is divided by 1941082?
31
What is the remainder when 1083791 is divided by 12161?
1462
Calculate the remainder when 40829 is divided by 38035.
2794
Calculate the remainder when 3598423 is divided by 3764.
39
What is the remainder when 548686 is divided by 2919?
2833
Calculate the remainder when 28386119 is divided by 1290278.
3
Calculate the remainder when 709090 is divided by 78296.
4426
What is the remainder when 456717 is divided by 5503?
5471
Calculate the remainder when 1365153 is divided by 9049.
7803
Calculate the remainder when 3877648 is divided by 553940.
68
What is the remainder when 288094553 is divided by 22?
21
What is the remainder when 651214 is divided by 21706?
34
What is the remainder when 137795 is divided by 67593?
2609
What is the remainder when 30055523 is divided by 10216?
51
What is the remainder when 72239 is divided by 5350?
2689
What is the remainder when 449872 is divided by 129?
49
What is the remainder when 1383869 is divided by 230642?
17
What is the remainder when 406343 is divided by 3723?
536
What is the remainder when 52629 is divided by 10518?
39
Calculate the remainder when 566257 is divided by 37743.
112
Calculate the remainder when 600998 is divided by 50078.
62
Calculate the remainder when 27193 is divided by 25884.
1309
What is the remainder when 134095 is divided by 706?
661
What is the remainder when 133594547 is divided by 228?
227
What is the remainder when 3362482 is divided by 34664?
74
Calculate the remainder when 4732914 is divided by 36129.
15
What is the remainder when 153756343 is divided by 4605?
4603
What is the remainder when 59840 is divided by 796?
140
Calculate the remainder when 30795641 is divided by 194909.
19
Calculate the remainder when 60985405 is divided by 1694039.
1
What is the remainder when 8807 is divided by 448?
295
Calculate the remainder when 2465794099 is divided by 431.
430
What is the remainder when 14053160 is divided by 3191?
3187
What is the remainder when 256253 is divided by 31927?
837
Calculate the remainder when 1369449 is divided by 124.
117
What is the remainder when 49279 is divided by 220?
219
What is the remainder when 1793599 is divided by 739?
46
Calculate the remainder when 8126224 is divided by 53816.
8
What is the remainder when 1487455 is divided by 95?
40
Calculate the remainder when 10081202 is divided by 8408.
10
What is the remainder when 245434 is divided by 183?
31
Calculate the remainder when 2237309 is divided by 224.
221
What is the remainder when 339160 is divided by 339153?
7
What is the remainder when 12232448 is divided by 451?
426
Calculate the remainder when 50853 is divided by 16076.
2625
What is the remainder when 11985 is divided by 2808?
753
What is the remainder when 123227 is divided by 4346?
1539
What is the remainder when 25520504 is divided by 151?
145
Calculate the remainder when 1004559 is divided by 1004543.
16
What is the remainder when 2932215 is divided by 1080?
15
What is the remainder when 457633005 is divided by 963?
960
What is the remainder when 3362331 is divided by 24905?
156
What is the remainder when 112054 is divided by 253?
228
Calculate the remainder when 10557653 is divided by 163.
143
Calculate the remainder when 287340 is divided by 1533.
669
Calculate the remainder when 89469 is divided by 113.
86
What is the remainder when 40049429 is divided by 13349796?
41
What is the remainder when 51299 is divided by 16927?
518
What is the remainder when 6241419 is divided by 813?
18
Calculate the remainder when 102649 is divided by 38.
11
What is the remainder when 169506 is divided by 664?
186
Calculate the remainder when 4879773 is divided by 185.
28
Calculate the remainder when 19383233 is divided by 4845806.
9
Calculate the remainder when 27251019 is divided by 3314.
3311
What is the remainder when 10134 is divided by 641?
519
What is the remainder when 2638519 is divided by 502?
7
Calculate the remainder when 39395890 is divided by 184.
18
Calculate the remainder when 888864173 is divided by 451.
450
What is the remainder when 84792 is divided by 21195?
12
Calculate the remainder when 1521004 is divided by 34.
14
Calculate the remainder when 26237668 is divided by 140.
128
What is the remainder when 755041 is divided by 2210?
1431
Calculate the remainder when 405144 is divided by 1756.
1264
What is the remainder when 20365 is divided by 259?
163
Calculate the remainder when 6317809 is divided by 35.
29
What is the remainder when 693329 is divided by 346650?
29
Calculate the remainder when 117656 is divided by 117570.
86
Calculate the remainder when 5084741 is divided by 8071.
11
Calculate the remainder when 1002113 is divided by 200420.
13
What is the remainder when 2219003 is divided by 56?
3
Calculate the remainder when 140187191 is divided by 2992.
23
Calculate the remainder when 4766128 is divided by 110.
48
Calculate the remainder when 222901 is divided by 72.
61
Calculate the remainder when 2517486 is divided by 10.
6
Calculate the remainder when 264501 is divided by 66083.
169
Calculate the remainder when 124774 is divided by 1752.
382
Calculate the remainder when 1202930 is divided by 40081.
500
What is the remainder when 2306421 is divided by 61?
11
Calculate the remainder when 3637127 is divided by 1814.
57
What is the remainder when 2783 is divided by 198?
11
Calculate the remainder when 1264375 is divided by 387.
46
Calculate the remainder when 6659353 is divided by 27.
19
What is the remainder when 13913108 is divided by 166?
150
What is the remainder when 66719097 is divided by 1389981?
9
Calculate the remainder when 954118 is divided by 119255.
78
Calculate the remainder when 1857078 is divided by 4046.
4010
What is the remainder when 88893 is divided by 88761?
132
Calculate the remainder when 696139 is divided by 9406.
95
Calculate the remainder when 5340902 is divided by 239.
208
What is the remainder when 13708754 is divided by 4209?
41
Calculate the remainder when 11617 is divided by 3665.
622
What is the remainder when 831070 is divided by 415514?
42
Calculate the remainder when 1688058 is divided by 1821.
1812
What is the remainder when 227867 is divided by 1128?
11
What is the remainder when 66018045 is divided by 9351?
9336
What is the remainder when 59768 is divided by 58834?
934
What is the remainder when 71980 is divided by 23691?
907
What is the remainder when 22802217 is divided by 4074?
39
What is the remainder when 117066737 is divided by 1147713?
11
Calculate the remainder when 1087217 is divided by 543545.
127
Calculate the remainder when 428400 is divided by 559.
206
Calculate the remainder when 109185935 is divided by 7.
5
What is the remainder when 78621 is divided by 26158?
147
What is the remainder when 6309616 is divided by 106936?
392
What is the remainder when 955632 is divided by 142?
114
What is the remainder when 19334388 is divided by 126?
66
Calculate the remainder when 133368 is divided by 395.
253
Calculate the remainder when 175399 is divided by 11658.
529
What is the remainder when 63248 is divided by 3767?
2976
Calculate the remainder when 29119314 is divided by 6351.
6330
Calculate the remainder when 2534920 is divided by 207.
205
Calculate the remainder when 3329786 is divided by 87.
35
What is the remainder when 2724059 is divided by 996?
995
Calculate the remainder when 195024 is divided by 48496.
1040
What is the remainder when 374337 is divided by 41495?
882
Calculate the remainder when 1775